ors of b.
149
Suppose 60*i = 56*i + 844. Let p = 324 - i. List the prime factors of p.
113
Suppose 2*i = 5 + 3. Suppose -p = -38 + 36. Suppose -k + p*k = -2*r + 12, i*k - 84 = r. What are the prime factors of k?
2, 5
Suppose -141*r = -146*r + 2100. List the prime factors of r.
2, 3, 5, 7
Let c(v) = 806*v - 222. What are the prime factors of c(3)?
2, 3, 61
Let x(y) = 567*y + 566. What are the prime factors of x(4)?
2, 13, 109
Suppose 3*a - 4*a + 5 = -3*d, -42 = -4*a + d. Let b be (-6)/33 + 79/a. Let y = 60 + b. What are the prime factors of y?
67
Let a(c) = -13*c + 17. Suppose 6 = -4*j - 26. List the prime factors of a(j).
11
Suppose -r + 9 = -2*b - 3*b, -5*r = -3*b - 23. Suppose 0 = -d - 4, -m - 4*d + r = -5*d. Suppose m = -3*u + u + 48. List the prime factors of u.
2, 3
Suppose 0 = 5*c - 20, 0 = -2*g - 4*c + 60 + 148. Suppose 3*f = -3*r + 15 + g, 2*r + f - 77 = 0. What are the prime factors of r?
2, 5
Suppose -3*u + 0*u = -4*w + 17, 3*w = 2*u + 13. Let c be 6*(-2)/(-3)*u. Suppose 0 = -c*y - 2*d + 37 - 11, -d - 19 = -2*y. List the prime factors of y.
2
Let d be -2 + (0 - -3)*(-80)/15. List the prime factors of (-1894)/d + (-38)/9 + 4.
3, 5, 7
Suppose -3*v = -0*v. Suppose 3*a - 5*a + 24 = v. Suppose a*i - 17*i + 90 = 0. List the prime factors of i.
2, 3
Let s(m) = m**3 + 20*m**2 + 2*m - 15. Let u(b) = -b**3 - 12*b**2 - 7*b + 25. Let t be u(-11). What are the prime factors of s(t)?
2, 7, 11
Suppose 5*y + 3*t - 971 = 0, y + 4*t - 190 = 2*t. Suppose -24*l + y = -22*l. What are the prime factors of l?
2, 7
Let x = 264 - -100. Suppose h = -2*w - 3*h + x, 3*h - 903 = -5*w. What are the prime factors of w?
2, 3, 5
Let n be 24/(-1)*3/(-6). Let c = 14 - n. Suppose 5*w - 3*v - 121 = 0, -3*v = -4*w + c*v + 89. What are the prime factors of w?
2, 13
Suppose 10*l + 1198 + 562 = 0. Let v = l + 279. List the prime factors of v.
103
Let h = 30 - 33. Let x be -5*h/(15/2). List the prime factors of x/6 - (-155)/3.
2, 13
Let y(r) = -8*r. Let x be y(12). Let q be -1 - (3 - 3) - x. Suppose 3*n = 4*w - q, 1 = -3*n + 2*n. What are the prime factors of w?
23
Let l(w) = 6*w**2 + 74*w + 2. What are the prime factors of l(5)?
2, 3, 29
Suppose -7*v + 4284 + 2800 = 0. List the prime factors of v.
2, 11, 23
Let f(q) = q**2 - q + 13. Suppose 15 = -5*i, 5*t - i = 3*i + 52. Let n be (-4)/(-14) + t/(-28). What are the prime factors of f(n)?
13
Let b(p) = 5 + 11*p - 11*p**2 + 8 + p**3 + 0. Let j(z) = -z**2 + 13*z - 20. Let m be j(10). What are the prime factors of b(m)?
23
Let a(m) = -2*m. Let z be a(3). Let f be ((-10)/z - 1)*-3. List the prime factors of 8/(((-2)/3)/f).
2, 3
Let u(v) = 2*v**2 + v. Let g = 65 + -71. What are the prime factors of u(g)?
2, 3, 11
Suppose 24*z = 20*z + 16. Suppose 49 = -z*o + p + 576, -542 = -4*o - 2*p. What are the prime factors of o?
7, 19
Suppose 0 = b - 3, 6*l - 4*b + 6 = 3*l. Let t be 4*4/16*l. Suppose t*j - 16 = -2. List the prime factors of j.
7
Let m(f) = 4*f - 4*f + 8*f. Let x be (-3)/(-2)*16*(-9)/(-108). List the prime factors of m(x).
2
Let g = -142 + 287. What are the prime factors of g + (0 + 2 - (6 + -1))?
2, 71
Let u(t) = t**2 + 11*t - 27. Let o be u(-11). Suppose 2*n + 30 = n - 4*g, -3*n - 117 = 3*g. Let b = o - n. What are the prime factors of b?
3, 5
Let v(a) = -2*a + 15. Let h be v(6). Suppose -2*p + 30 = h*p. Suppose 26 = -p*u + 200. List the prime factors of u.
29
Suppose -3*r - 2637 + 10607 = 5*c, -r + 2666 = 4*c. List the prime factors of r.
2, 5, 53
List the prime factors of 1 + 498*2 - 250/50.
2, 31
Suppose 0 = -31*o + 7997 + 4434. List the prime factors of o.
401
Let j = -217 - -605. Suppose 7*w - j = 3*w. List the prime factors of w.
97
Suppose 264 = q - 2*p, 5 = p + 8. What are the prime factors of q?
2, 3, 43
Let s = 65 - 98. Let q = s - -53. What are the prime factors of q?
2, 5
List the prime factors of (385/20 + -2)/((-6)/(-112)).
2, 7, 23
Suppose -5*o - 303 + 2338 = 0. List the prime factors of o.
11, 37
List the prime factors of 1*(-178 - 0)*1/(-2).
89
List the prime factors of 451 - ((-3)/3)/((-1)/1).
2, 3, 5
List the prime factors of (-4)/10 - ((-44121)/15 - 10).
13, 227
Let u = 59 - 126. Let n(i) = -47*i - 6. Let x be n(2). Let p = u - x. List the prime factors of p.
3, 11
What are the prime factors of (106/(-159))/((-2)/1704)?
2, 71
Suppose -1684 - 584 = -2*a. List the prime factors of a.
2, 3, 7
Suppose -4*t - 18 + 74 = 0. What are the prime factors of (44/(-32)*-4)/(1/t)?
7, 11
Let t = -200 + 398. What are the prime factors of t?
2, 3, 11
Let n be (-4)/(-6)*(-3)/(-2). Let g(f) = 2*f**3 + 3*f**2 + 6*f + 9. Let b be g(-2). What are the prime factors of (-14)/b - -19*n?
3, 7
What are the prime factors of -7 - (-4 + 22380/(-1 + -5))?
3727
Let m = 24 + -27. Let q be m/9*(-67 + 1). Let j = -20 + q. List the prime factors of j.
2
Suppose 26*a - 4476 = 14*a. What are the prime factors of a?
373
Suppose -2*o + 77 = 3*q, -2*o - 155 = 5*q - 10*q. Suppose q - 317 = -6*j. List the prime factors of j.
2, 3
Suppose -5*j + 8*u + 3460 = 6*u, 0 = 5*j - 3*u - 3460. List the prime factors of j.
2, 173
List the prime factors of 11/(616/3728)*(2 + 5).
2, 233
Let s be 10/2 + (5 - -226). Suppose 232 = 3*i + k - 2*k, 0 = 3*i - 2*k - s. List the prime factors of i.
2, 19
Let j(p) = 3*p**2 + 2. Let i = 21 - 25. What are the prime factors of j(i)?
2, 5
Let f(h) = -h**3 + 2*h**2 + h - 6. Let c be f(-2). Suppose c*a - 1253 = a. List the prime factors of a.
179
Let f be (-1)/((-1041)/1044 + 1). Let k be (f/(-72))/((-2)/(-12)). Suppose 3 + k = 2*w. What are the prime factors of w?
2
Suppose 4*c - 4*r - 8 = 0, 0 = 5*c - 3*r - 7 - 11. Suppose -c - 4 = -2*g. Suppose 3*k = 9, g*y + 4*k = k + 89. What are the prime factors of y?
2
Let d = 44 + -7. Suppose -3*o - v = -151, v = o - 2*v - d. What are the prime factors of o?
7
Let b(i) = 5*i**3 + 17*i - 24. List the prime factors of b(5).
2, 7
Suppose -5*x = 5*c - c + 13, 4 = -2*c - 2*x. Suppose -h + c*h = 0. Suppose h = -g + 1, -p + 9 + 6 = -4*g. List the prime factors of p.
19
Let b(x) = x**3 - 3*x**2 + 3*x - 4. Let n be b(3). Suppose 0*l + 5*l - 75 = 0. Suppose 2*r - 5 = -4*u + l, 4*u + n*r - 8 = 0. What are the prime factors of u?
7
List the prime factors of 7/5*7163/26*10.
7, 19, 29
Let d = 38 + -15. Suppose d*s = 24*s - 118. What are the prime factors of s?
2, 59
Let d be -4*6/16*-2. Suppose -7 = y - d*p, p + 15 + 1 = 4*y. What are the prime factors of y?
5
Suppose 12 - 3 = 3*m. Let w be m + -1 - 2 - 1. What are the prime factors of 3 - (-114)/(2 - w)?
41
Suppose -2*t + 2*o - o = 32, 2*t + 5*o + 32 = 0. Let y = -11 - t. Let d(x) = x**2 - 4. List the prime factors of d(y).
3, 7
Let l(q) = 56*q - 10. List the prime factors of l(11).
2, 3, 101
Suppose 78 = g + 3*a, 3*a = -g + 2*g - 66. What are the prime factors of g?
2, 3
Suppose -2*m + 528 = 3*n, -5*n + 9 = -11. Suppose -4*r - 30 = -m. What are the prime factors of r?
3, 19
Let d = 11 - 8. Let r(s) = s**3 - 3*s**2 + 4. Let f be r(2). Suppose -117 = -f*h - d*h. List the prime factors of h.
3, 13
Suppose -3*h + 10*d - 5*d + 6 = 0, -4*h + 8 = -d. Suppose -h*n + 4 + 22 = 0. What are the prime factors of n?
13
Let l = 392 + -214. List the prime factors of l.
2, 89
Let v be (1 - 0) + (2 - -5). What are the prime factors of -4 + (-85)/(-20) + 294/v?
37
Suppose 7*u - 9*u - 14 = 0. Let f(k) = k**3 + 7*k**2 - 4*k + 2. List the prime factors of f(u).
2, 3, 5
Let h(o) be the first derivative of -o**3/3 - 4*o**2 - 7*o - 7. Let q be h(-6). Suppose q*f = -4*g + 179, 2*g = -g - 4*f + 135. What are the prime factors of g?
41
Suppose d + 5*r = 538, 4*d - 2*r + r = 2236. Suppose d = -3*f - 2*h, -h - 1068 = 5*f - 131. What are the prime factors of (-2)/4 + f/(-8)?
23
What are the prime factors of 2 + (-2 - (3 + -336))?
3, 37
List the prime factors of 340/1190 - (-1 + 19610/(-14)).
2, 701
Suppose 0*s - 116 = 4*s. Let v = s + 17. Let j = v - -35. What are the prime factors of j?
23
Let p(i) = 217*i + 2. Suppose -3*y + 4*h + 7 = -4*y, 8 = 4*y - 2*h. What are the prime factors of p(y)?
3, 73
Let c = -1 + 20. Suppose -2*j - 5 = -c. Suppose 15 = -i - 3*u + j, -2*u = 5*i - 25. What are the prime factors of i?
7
Let f(p) be the third derivative of -p**5/60 + p**4/3 + p**3/3 + 7*p**2. Let h be f(7). Suppose 0 = -c - 2*g + h, 4*g = 6 + 2. What are the prime factors of 